emainder when k(4) is divided by 46?
21
Let a(r) = 6*r**2 + r - 5. Suppose 4*p - 778 = 2*i, 22*p - 19*p - 571 = 4*i. What is the remainder when p is divided by a(3)?
41
Let z(x) = -x**3 - 3*x**2 - x - 21. Let l be z(0). Let c = -24 - l. What is the remainder when 39 is divided by (c/(-5))/((-22)/(-110))?
0
Suppose -2*d = -4*w - 0*d + 48, 4*d + 8 = 0. What is the remainder when 6/24 - (-1269)/12 is divided by w?
7
Suppose -20*r - 132 = -18*r. Let h be 7/((-35)/2) + r/(-15). Suppose o - 1 + 4 = 0, 0 = 3*p + h*o - 138. What is the remainder when p is divided by 17?
16
Let c = 5551 + -5358. What is the remainder when 225 is divided by c?
32
Let m = 3 + 11. Suppose m*u = -0*u + 812. Calculate the remainder when 105 is divided by u.
47
Suppose -122*o + 256400 = 19*o - 4168. Calculate the remainder when o is divided by 16.
8
Let j be 1/(1/214*2). Suppose 3*p = j + 115. Let a = -42 + p. What is the remainder when 62 is divided by a?
30
Let t be (-3 - -1)/(4/(-602)). Let x = t + -214. What is the remainder when x is divided by 10?
7
Suppose 4*h - 3009 = -5*y, -y + 3225 = -h + 2616. Calculate the remainder when y is divided by 293.
19
Suppose 1665 = 16*c - 55231. Suppose 0 = 15*m - c - 1019. Calculate the remainder when m is divided by 51.
50
Let q = 276 + -273. Suppose -h - 2*u + 33 = 0, 23*h - 27*h + 112 = q*u. Calculate the remainder when 119 is divided by h.
19
Let f = 9867 + -9823. What is the remainder when 1800 is divided by f?
40
Let j = -20 + 35. Let p(v) = 2*v**3 - 13*v**2 + 13*v - 20. Let w be p(6). Let n(y) = 2*y + 12. What is the remainder when n(w) is divided by j?
11
Let f(w) = -6*w - 136. Let n be (-4)/1 - -1 - (28 + 0). What is the remainder when 549 is divided by f(n)?
49
Suppose 13*d - d = 36. Suppose -d*p - 3*v + 36 = 0, 5*p = 3*p + 4*v + 42. What is the remainder when 194 is divided by p?
14
Let u = -6429 - -6602. What is the remainder when 2764 is divided by u?
169
Let x = -9534 - -10322. Calculate the remainder when x is divided by 73.
58
Suppose -c - 4*l = -9*l + 82, -311 = 4*c - 3*l. Let p = 16 - c. Suppose -w + 20 = h, -3 + 11 = 2*w. Calculate the remainder when p is divided by h.
13
Let c(d) = 20*d + 84. Let i be c(-4). Suppose i*b - 32 = -3*p, 5*p - 3*b - 18 = 74. What is the remainder when 253 is divided by p?
13
Let a(z) be the third derivative of 1/2*z**3 + 0 - 19*z**2 - 1/12*z**4 + 1/120*z**6 + 0*z + 7/60*z**5. Calculate the remainder when a(3) is divided by 30.
27
Let i(n) = -n**2 - 82*n + 207. Suppose -5*c = 2*j - 73 - 601, 0 = -2*c - 5*j + 257. Let f = -61 + c. Calculate the remainder when f is divided by i(-84).
36
Let p = 184 + -170. Calculate the remainder when 23 is divided by -2*(-107)/p - (-14)/(-49).
8
Let b be (-10 - -4)/6*-2. What is the remainder when 31 is divided by ((-15)/9 - (-92)/12) + b?
7
Suppose 2*p - p - 32 = 0. Calculate the remainder when ((-172)/(-6) + -30)/(6/(-279)) is divided by p.
30
Let s = 9121 + -9092. Let x be 11*19 + 7 + -7. Let p = -94 + x. What is the remainder when p is divided by s?
28
Let y(z) = 4*z + 66. Let f(l) = -l - 1. Let p(v) = 5*f(v) + y(v). What is the remainder when p(11) is divided by 4?
2
Let q(c) = c**3 + 7*c**2 - 54*c + 136. What is the remainder when q(3) is divided by 47?
17
Suppose -10*n + 16*n = 13*n - 490. What is the remainder when 1873 is divided by n?
53
Suppose 319*j = 318*j + 4*n + 32, 2*j = -5*n + 25. Calculate the remainder when 375 is divided by j.
15
Let k = 63 + -60. Suppose -4*o + k*x + 21 + 14 = 0, -10 = o + 3*x. What is the remainder when 5 is divided by o?
0
Suppose j - 13*j = 22*j - 408. Calculate the remainder when j is divided by 2/(-1) + (6 - 0).
0
Let t be (-6)/(-4) + (-91)/(-26). Suppose y + t*r - 14 = 0, 4*r = 4*y - 2*y - 42. Let n = -3 + y. Calculate the remainder when 58 is divided by n.
10
Suppose -229 - 545 = -14*z + 374. Suppose -6*x + 5*m = -x - 170, 4*m = -8. Calculate the remainder when z is divided by x.
18
Let f(x) = 43*x + 1. Suppose 0 = 4*k + 5*p + 76 + 276, 0 = -p. Let m = -64 - k. What is the remainder when f(1) is divided by m?
20
Let f = 7 + -3. Suppose 5*x - 203 = o + 154, 0 = -f*x - 4*o + 276. Calculate the remainder when x is divided by 11 + ((-7)/(-6))/((-261)/(-1566)).
17
Suppose -108*o + 113*o = -l + 83, -3*l + 313 = -o. Let b(m) = m + 2. Let w = 18 + -13. What is the remainder when l is divided by b(w)?
5
Let l be 28/(-140) - 21/(-5). Let u(y) = 13*y - 27. What is the remainder when 220 is divided by u(l)?
20
Suppose 16*z - 538 = -74. What is the remainder when 151 is divided by z?
6
Suppose -6*w + 340 - 220 = 0. Suppose -3*q + w + 55 = 0. What is the remainder when 199 is divided by q?
24
Let a(x) = 23*x**2 - 4*x - 3. Let g be a(-5). Suppose g + 88 = 20*l. Calculate the remainder when 89 is divided by l.
21
Suppose 594 = 5*z - 7*r - 475, 4*z - 2*r = 866. What is the remainder when 546 is divided by z?
110
Suppose -61*m - 208 = -87*m. Suppose m = 4*a, x - 20*a = -18*a + 923. Calculate the remainder when x is divided by 62.
59
Let b = -34550 - -34562. Suppose -5*s = -137 - 1103. What is the remainder when 4/6 - s/(-6) is divided by b?
6
Suppose q - 2*q + 237 = 0. What is the remainder when q is divided by 15 - (-75)/(-25) - 4?
5
Let l = -227 + 233. Suppose 109 = l*c + 85. Calculate the remainder when c is divided by (-1)/((-2 + 3)/(-1)).
0
Suppose 3*s + 68*q = 63*q + 7512, -q + 17624 = 7*s. What is the remainder when s is divided by 40?
39
Let m = -232 + 239. Calculate the remainder when 200 is divided by 14/m*(-14)/(-4).
4
Let l(y) = 3*y**2 + 12*y - 23. Let d(c) = 5*c**2 + 24*c - 47. Let p(z) = -3*d(z) + 7*l(z). Let q = -10 + 22. What is the remainder when p(-4) is divided by q?
4
Suppose -r - 3*r = -5*s + 36, s = -5*r - 16. Suppose -346 = -17*o + 294 - 45. Calculate the remainder when o is divided by s.
3
Suppose -2*x = -8*c + 9*c - 958, x = 4*c + 452. Calculate the remainder when x is divided by 56.
28
Let a(n) = n**3 - 3*n**2 - 7*n + 11. Let i be a(5). Let z = -46 + i. Let y(m) = 2*m + 49. What is the remainder when y(z) is divided by 8?
1
Let p = 6460 - 6458. Suppose -2 = 4*v + 14. Let j = 8 + v. What is the remainder when j is divided by p?
0
What is the remainder when 521 is divided by 24/32*(-140)/(-21) - -106?
77
Let q = -79 - -121. Let h = 364 + -198. Calculate the remainder when h is divided by q.
40
Let u(g) = -50*g - 25. Let p be u(-4). What is the remainder when 188 is divided by (-5)/p*-10 - 460/(-7)?
56
Suppose 60*k - 427 - 1701 = -16*k. Calculate the remainder when 240 is divided by k.
16
Let w = -947 + 959. Let r = -163 + 104. What is the remainder when r/(-3) - 4/(-12) is divided by w?
8
Let r(h) = h**3 + 11*h**2 - 2*h + 32. Let m be r(-11). Suppose -8 = 2*d - m. What is the remainder when 203 is divided by d?
19
Let g(a) = -55*a - 30. Let s be g(12). Calculate the remainder when 65 is divided by ((-6)/4)/(15*3/s).
19
What is the remainder when 256 is divided by (-4)/(((-84)/16)/(-21) - (-62)/(-184))?
26
Let z(f) = f**3 - 7*f**2 + 34*f - 395. What is the remainder when z(9) is divided by 53?
20
Suppose -134*c + 115*c - 23628 = -85*c. What is the remainder when 6812 is divided by c?
10
Let h(p) = 149*p**2 + 5*p + 3. Suppose 3*m + 32 - 92 = 5*a, -3*m + 3*a + 54 = 0. Calculate the remainder when h(-1) is divided by m.
12
Calculate the remainder when ((-2)/14)/(19/(-133))*118 is divided by 63.
55
Let v = -2209 - -2312. Calculate the remainder when 210 is divided by v.
4
Let z(s) = -4*s + 38. Let j = 175 + -166. Calculate the remainder when 7 is divided by z(j).
1
Suppose -23 - 14 = -4*a - 5*w, a + 2 = w. Suppose 2*z = -a*n + 8*n - 355, -3*z = n - 88. What is the remainder when 362 is divided by n?
70
Let g(k) = k**3 + 15*k**2 - 33*k + 9. Calculate the remainder when 121 is divided by g(2).
0
Suppose 20*z = -15*z + 525. Let y(g) = g**2 - 10*g + 212. What is the remainder when y(z) is divided by 59?
51
Let p = -81 + 126. Calculate the remainder when 201 is divided by p.
21
Let p(m) = 2*m**2 - 9*m - 48. Let r = -167 + 163. What is the remainder when 29 is divided by p(r)?
9
Suppose 51*i = 32*i - 57. Calculate the remainder when 25 is divided by (16/3 + i)*(2 - -1).
4
Let y = -18 - -38. Let v(a) = 15*a + 33. Let w be v(-2). Suppose 194 = 2*c + q, 5*c + 2*q - 495 = -w*q. Calculate the remainder when c is div